te the highest common divisor of c and 12.
4
Let r(y) = 20*y**2 + 86*y - 78. Let s be r(-7). Calculate the highest common factor of 1 and s.
1
Let a(b) = -2*b + 47 + 3*b + 54*b**2 - 50. Let d be a(-3). What is the highest common divisor of 30 and d?
30
Let w be (-27 + 11)*10/(-5). Calculate the highest common divisor of 68 and w.
4
Suppose -118*y + 171559 = -206041. Calculate the greatest common factor of y and 8.
8
Let d be (-2)/4 - 18723/(-474). What is the highest common factor of d and 3913?
13
Suppose 0 = -7*v + 3*v + 28. Suppose -756 + 196 = -20*c. Calculate the highest common divisor of v and c.
7
Let h be 1*-4 + (-18)/(-8)*8. Suppose -3*f + h*i = 17*i - 519, -5*i - 5 = 0. What is the greatest common factor of f and 87?
87
Let r(g) = -g**2 + 84*g + 208. Let t be r(86). Suppose 7*m - 200 = 2*m. Let q be ((-18)/5)/((-6)/m). What is the highest common factor of q and t?
12
Let n be ((-356)/445)/((-4)/(-10)) - 37/(-1). Calculate the highest common divisor of 315 and n.
35
Suppose -b + 21*j - 16*j + 31 = 0, 33 = b - 3*j. What is the greatest common divisor of 576 and b?
36
Let m = -8677 - -8745. Calculate the greatest common divisor of m and 268.
4
Let f = -317 - -920. Suppose -13 = -g + 6*l, -262*l + 516*l - 257*l = -27. Calculate the highest common factor of f and g.
67
Let o be (-1 - 127/(-2))/((-9)/(-864)*24). Calculate the highest common divisor of o and 150.
50
Suppose k + 2212 = -k - 2*d, 2*k + 2214 = -d. Let i be 5 + k/(-4) + -2. Calculate the greatest common divisor of i and 10.
10
Let h = -3269 + 3521. Calculate the highest common divisor of h and 144.
36
Suppose 92*v - 334 = 75290. Calculate the highest common factor of v and 4.
2
Let q = -2503 + 3799. Suppose -133*t - q = -137*t. What is the greatest common divisor of 4 and t?
4
Suppose 15*s = -96*s + 2220. What is the greatest common factor of s and 2150?
10
Let o(r) = r**3 + 15*r**2 + 15*r + 29. Let y be o(-14). Let u be 8 - (y/5)/1. Suppose 3*g - 13 = u. Calculate the greatest common divisor of g and 6.
6
Let n be 20/6*792/(12 + -1). Calculate the highest common factor of n and 384.
48
Let x be 5/(-4) - (-21)/84. Let h be ((-567)/(-36))/(x/((-32)/6)). Let i be 1190/h + 1/(-6). Calculate the greatest common divisor of i and 126.
14
Let o(x) = x**3 + 7*x**2 - 1. Suppose 5*s + 6*u + 34 = 2*u, 4*s + 28 = -4*u. Let r be o(s). Let i = 663 - 278. What is the greatest common divisor of i and r?
35
Let x be (-264)/165 - 6/(-10). Let r be 1336/28 + 9/7 + x. Calculate the greatest common factor of 8 and r.
8
Suppose 40*j - 14*j = 52. Let p be j + ((-1)/(-3))/(2/102). What is the greatest common factor of 437 and p?
19
Suppose 3*f = s - 46, -4*s = -6*s + 3*f + 89. Let p = 212 + s. What is the greatest common divisor of 153 and p?
51
Let b = 10707 + -10682. What is the greatest common factor of b and 230?
5
Let k(d) = -d**3 + 2*d - 4. Let i be k(0). Let l(v) = -17*v - 38. Let q be l(i). Calculate the greatest common divisor of 45 and q.
15
Let b = -40 + 96. Let f be ((-39)/12)/(-1)*(4 + b). What is the greatest common divisor of f and 30?
15
Let q = 10016 + -9951. Calculate the highest common divisor of q and 11245.
65
Let t(b) = -5*b. Let r be t(-1). Suppose 790 = 2*o - g, -176*o + 183*o - 4*g - 2765 = 0. Calculate the greatest common divisor of o and r.
5
Let i be 8/(-20)*(-40)/2. Let l be ((-153)/(-7))/3 + i/(-28). Calculate the highest common factor of 14 and l.
7
Let t(j) = -12*j + 29. Let l be t(5). Let a be 102 - (l/124 + (-21)/(-4)). What is the highest common divisor of 873 and a?
97
Let r be (-8)/(-20) - 26/(-10). Suppose -n - 45 + 44 = 0, 0 = -4*v + 3*n + 99. Calculate the highest common divisor of v and r.
3
Suppose -43369 - 17052 = -159*n + 136*n. Calculate the greatest common factor of 71 and n.
71
Let g = 6888 + -5194. What is the greatest common divisor of 3267 and g?
121
Let n(j) = j**3 - 2*j**2 + 4*j. Let x be n(4). Suppose -22*h - 209 + 845 = -288. What is the greatest common divisor of h and x?
6
Suppose 2573 = 7*m + 5*f, 30*m + 2*f = 33*m - 1140. What is the greatest common factor of m and 272?
34
Suppose -5*p = 3*b - 7 - 33, b + 10 = 3*p. Let c be (-7 + 4)/3 - (-4)/1. Let o be -39*((-50)/c)/10. Calculate the highest common divisor of o and p.
5
Suppose 0 = 5*o - 27 - 193. Let m = 484 + -154. Let h be (185/(-25) + 7)/((-2)/m). Calculate the highest common divisor of h and o.
22
Let l(p) = -p**2 + 35*p + 76. Let u be l(37). Let d(v) = 13*v**2 - 11*v + 8. Let f be d(u). Calculate the highest common factor of 171 and f.
19
Suppose 83*g = 132*g - 10290. What is the highest common divisor of 530 and g?
10
Let c be (172 - 1) + (18 - (-5 - -20)). Suppose 0 = 3*y - 3*m - 6, 6*m = -y + m + 26. What is the highest common divisor of y and c?
6
Suppose 6324 + 7014 = -2*z + 8*z. Calculate the highest common divisor of z and 38.
19
Let w be -16 - (-38 + -6) - -8. What is the highest common divisor of 423 and w?
9
Let p(o) = o**2 - 19*o + 92. Let n be p(8). Suppose 20 = 4*w + n*j, 4*j - j + 15 = 0. What is the highest common factor of w and 65?
5
Suppose -j - 5*r + 11453 = 0, -279*j = -283*j + 2*r + 45636. What is the greatest common factor of j and 101?
101
Suppose -4*b - y + 17 = 5, 16 = -b - 5*y. Let v be (-2*b/10)/((-10)/50). Let w be (10/v)/(2/(-8))*-8. Calculate the greatest common factor of w and 16.
16
Let w = -52 - -52. Suppose w = 5*j + 3*v - 211, j = -v - 3*v + 32. Let u(b) = -9*b + 22. Let l be u(2). Calculate the highest common divisor of j and l.
4
Let n = -122 + 102. Let o = n + 22. Suppose 4*h - 2*w = 24, 5*h + 3*w = h + 24. What is the highest common divisor of o and h?
2
Suppose 8*k = -5 + 53. Suppose -n = -d + 250, 2*n - 241 = -7*d + k*d. What is the highest common factor of d and 13?
13
Suppose 10*z - 76 = -9*z. Suppose 8*y = -z*y + 420. Suppose x - 11*q = -6*q + 305, 4*q = -5*x + 1583. Calculate the greatest common factor of y and x.
35
Suppose -2*x + 24 = 2*a, -3*a = x - 37 + 5. Suppose -18 = -2*l - a. What is the greatest common divisor of l and 4?
4
Suppose -3*w + 0 = -6. Suppose 5*a = -5*f + 245, 8*f - 10*f + w = 0. Let g(n) = -n**2 + 16. Let h be g(0). Calculate the highest common divisor of a and h.
16
Let k(d) = 21*d**2 - d. Let j(m) = -m + 5. Let u be j(6). Let b be k(u). What is the greatest common divisor of 22 and b?
22
Suppose 0 = z + 4*v - 154, -z + 3*v + 160 = v. Let r = 342 - z. What is the greatest common divisor of 23 and r?
23
Let p be (-176)/(-16) - (-2 - 84). Suppose r - 5 = -4*r. What is the highest common factor of r and p?
1
Let f be 65/((-26)/130*2/6). Let z = -880 - f. Calculate the greatest common divisor of z and 19.
19
Suppose 3*z = -5*m + 16, -3*m - z = 2*m - 22. Suppose 6 = -m*s + 7*s. Let g be 3 + (s + 1 - 2). Calculate the greatest common factor of 15 and g.
5
Let q = -18909 + 38157. Calculate the highest common factor of q and 96.
48
Suppose -21 = -2*w - w. Let o(i) = 2*i + 5. Let a be o(w). Let l = -8984 + 9117. What is the highest common divisor of a and l?
19
Let f = 137 + -133. Let x be (98/21)/(f/(-12)). Let o = 15 + x. Calculate the highest common divisor of 5 and o.
1
Let s(x) = -x**2 - 4*x + 1. Let h be s(-3). Let k(y) = y**2 + 10*y + 37. Let p be k(-5). Suppose p*d = d + 220. What is the highest common factor of h and d?
4
Let h = -2619 + 2643. Let s be (2 + (-5)/3)*0. Suppose 4*w - 48 - 144 = s. What is the greatest common factor of w and h?
24
Suppose 612 + 38 = 13*l. Let n = -15 - -40. What is the highest common factor of n and l?
25
Suppose 6*t + 16 = -68*t + 238. Let y(h) = -h**2 - 10*h - 8. Let a be y(-9). Calculate the highest common factor of a and t.
1
Suppose 0 = -2*k + 3*t + 26 + 46, 5*k = -t + 214. Let f be (-2)/(-34)*2 - (-23296)/238. Calculate the highest common divisor of f and k.
14
Let h(n) = 10*n**2 - 155*n + 7295. Let g be h(36). What is the greatest common divisor of 25 and g?
25
Suppose -25*x + 36*x = 4763. Let l = -225 + x. What is the highest common factor of 156 and l?
52
Suppose 0 = -2*r - 5*y + 72, -4*r + y + 70 = -74. Let g be (-52)/(-6)*45/(-10). Let w = 63 + g. What is the highest common factor of r and w?
12
Suppose -3533 = -13530*c + 13512*c + 5017. What is the greatest common divisor of 912 and c?
19
Let y(f) = f. Let j(z) = -38*z**2 + 4*z + 2. Let u(l) = -j(l) - 2*y(l). Let r be u(1).